{"id":191,"date":"2023-01-15T23:03:10","date_gmt":"2023-01-15T23:03:10","guid":{"rendered":"http:\/\/airaction.hu\/?page_id=191"},"modified":"2023-01-15T23:11:03","modified_gmt":"2023-01-15T23:11:03","slug":"jarmu-berles","status":"publish","type":"page","link":"https:\/\/airaction.hu\/index.php\/jarmu-berles\/","title":{"rendered":"J\u00e1rm\u0171 B\u00e9rl\u00e9s"},"content":{"rendered":"","protected":false},"excerpt":{"rendered":"","protected":false},"author":1,"featured_media":0,"parent":0,"menu_order":0,"comment_status":"closed","ping_status":"closed","template":"","meta":{"site-sidebar-layout":"no-sidebar","site-content-layout":"page-builder","ast-global-header-display":"","ast-main-header-display":"","ast-hfb-above-header-display":"","ast-hfb-below-header-display":"","ast-hfb-mobile-header-display":"","site-post-title":"disabled","ast-breadcrumbs-content":"","ast-featured-img":"disabled","footer-sml-layout":"","theme-transparent-header-meta":"","adv-header-id-meta":"","stick-header-meta":"","header-above-stick-meta":"","header-main-stick-meta":"","header-below-stick-meta":"","footnotes":""},"class_list":["post-191","page","type-page","status-publish","hentry"],"_links":{"self":[{"href":"https:\/\/airaction.hu\/index.php\/wp-json\/wp\/v2\/pages\/191","targetHints":{"allow":["GET"]}}],"collection":[{"href":"https:\/\/airaction.hu\/index.php\/wp-json\/wp\/v2\/pages"}],"about":[{"href":"https:\/\/airaction.hu\/index.php\/wp-json\/wp\/v2\/types\/page"}],"author":[{"embeddable":true,"href":"https:\/\/airaction.hu\/index.php\/wp-json\/wp\/v2\/users\/1"}],"replies":[{"embeddable":true,"href":"https:\/\/airaction.hu\/index.php\/wp-json\/wp\/v2\/comments?post=191"}],"version-history":[{"count":10,"href":"https:\/\/airaction.hu\/index.php\/wp-json\/wp\/v2\/pages\/191\/revisions"}],"predecessor-version":[{"id":202,"href":"https:\/\/airaction.hu\/index.php\/wp-json\/wp\/v2\/pages\/191\/revisions\/202"}],"wp:attachment":[{"href":"https:\/\/airaction.hu\/index.php\/wp-json\/wp\/v2\/media?parent=191"}],"curies":[{"name":"wp","href":"https:\/\/api.w.org\/{rel}","templated":true}]}}