{"id":28,"date":"2023-01-10T02:20:25","date_gmt":"2023-01-10T02:20:25","guid":{"rendered":"http:\/\/airaction.hu\/?page_id=28"},"modified":"2023-01-11T02:04:36","modified_gmt":"2023-01-11T02:04:36","slug":"hotels","status":"publish","type":"page","link":"https:\/\/airaction.hu\/index.php\/hotels\/","title":{"rendered":"Hotels"},"content":{"rendered":"<style>\/*! elementor - v3.10.0 - 09-01-2023 *\/\n.elementor-column .elementor-spacer-inner{height:var(--spacer-size)}.e-con{--container-widget-width:100%}.e-con-inner>.elementor-widget-spacer,.e-con>.elementor-widget-spacer{width:var(--container-widget-width,var(--spacer-size));--align-self:var(--container-widget-align-self,initial);--flex-shrink:0}.e-con-inner>.elementor-widget-spacer>.elementor-widget-container,.e-con-inner>.elementor-widget-spacer>.elementor-widget-container>.elementor-spacer,.e-con>.elementor-widget-spacer>.elementor-widget-container,.e-con>.elementor-widget-spacer>.elementor-widget-container>.elementor-spacer{height:100%}.e-con-inner>.elementor-widget-spacer>.elementor-widget-container>.elementor-spacer>.elementor-spacer-inner,.e-con>.elementor-widget-spacer>.elementor-widget-container>.elementor-spacer>.elementor-spacer-inner{height:var(--container-widget-height,var(--spacer-size))}<\/style>\n<style>\/*! elementor - v3.10.0 - 09-01-2023 *\/\n.elementor-heading-title{padding:0;margin:0;line-height:1}.elementor-widget-heading .elementor-heading-title[class*=elementor-size-]>a{color:inherit;font-size:inherit;line-height:inherit}.elementor-widget-heading .elementor-heading-title.elementor-size-small{font-size:15px}.elementor-widget-heading .elementor-heading-title.elementor-size-medium{font-size:19px}.elementor-widget-heading .elementor-heading-title.elementor-size-large{font-size:29px}.elementor-widget-heading .elementor-heading-title.elementor-size-xl{font-size:39px}.elementor-widget-heading .elementor-heading-title.elementor-size-xxl{font-size:59px}<\/style>\n<h2>Legjobb aj\u00e1nlatok<\/h2>\n<p>\t\t\t<ins data-aid=\"2305760\" data-target_aid=\"2305760\" data-prod=\"dfl2\" data-width=\"100%\" data-height=\"auto\" data-lang=\"hu\" data-dest_id=\"-2601889\" data-dest_type=\"city\" data-df_num_properties=\"5\"><br \/>\n    <!-- Anything inside will go away once widget is loaded. --><br \/>\n        <a href=\"\/\/www.booking.com?aid=2305760\">Booking.com<\/a><br \/>\n<\/ins><br \/>\n\t\t\t<ins data-aid=\"2305762\" data-target_aid=\"2305762\" data-prod=\"dfl2\" data-width=\"100%\" data-height=\"auto\" data-lang=\"hu\" data-dest_id=\"-126693\" data-dest_type=\"city\" data-df_num_properties=\"6\"><br \/>\n    <!-- Anything inside will go away once widget is loaded. --><br \/>\n        <a href=\"\/\/www.booking.com?aid=2305762\">Booking.com<\/a><br \/>\n<\/ins><br \/>\n\t\t\t<ins data-aid=\"2305765\" data-target_aid=\"2305765\" data-prod=\"dfl2\" data-width=\"100%\" data-height=\"auto\" data-lang=\"hu\" data-dest_id=\"-1456928\" data-dest_type=\"city\" data-df_num_properties=\"5\"><br \/>\n    <!-- Anything inside will go away once widget is loaded. --><br \/>\n        <a href=\"\/\/www.booking.com?aid=2305765\">Booking.com<\/a><br \/>\n<\/ins><br \/>\n\t\t\t<ins data-aid=\"2305766\" data-target_aid=\"2305766\" data-prod=\"dfl2\" data-width=\"100%\" data-height=\"auto\" data-lang=\"hu\" data-dest_id=\"-117543\" data-dest_type=\"city\" data-df_num_properties=\"5\"><br \/>\n    <!-- Anything inside will go away once widget is loaded. --><br \/>\n        <a href=\"\/\/www.booking.com?aid=2305766\">Booking.com<\/a><br \/>\n<\/ins><br \/>\n\t\t\t<ins data-aid=\"2305768\" data-target_aid=\"2305768\" data-prod=\"dfl2\" data-width=\"100%\" data-height=\"auto\" data-lang=\"hu\" data-dest_id=\"-372490\" data-dest_type=\"city\" data-df_num_properties=\"5\"><br \/>\n    <!-- Anything inside will go away once widget is loaded. --><br \/>\n        <a href=\"\/\/www.booking.com?aid=2305768\">Booking.com<\/a><br \/>\n<\/ins><br \/>\n\t\t\t<ins data-aid=\"2305769\" data-target_aid=\"2305769\" data-prod=\"dfl2\" data-width=\"100%\" data-height=\"auto\" data-lang=\"hu\" data-dest_id=\"-553173\" data-dest_type=\"city\" data-df_num_properties=\"5\"><br \/>\n    <!-- Anything inside will go away once widget is loaded. --><br \/>\n        <a href=\"\/\/www.booking.com?aid=2305769\">Booking.com<\/a><br \/>\n<\/ins><\/p>\n<h2>N\u00e9pszer\u0171 sz\u00e1llod\u00e1k<\/h2>\n","protected":false},"excerpt":{"rendered":"<p>Legjobb aj\u00e1nlatok Booking.com Booking.com Booking.com Booking.com Booking.com Booking.com N\u00e9pszer\u0171 sz\u00e1llod\u00e1k<\/p>\n","protected":false},"author":1,"featured_media":0,"parent":0,"menu_order":0,"comment_status":"closed","ping_status":"closed","template":"","meta":{"site-sidebar-layout":"no-sidebar","site-content-layout":"page-builder","ast-global-header-display":"","ast-main-header-display":"","ast-hfb-above-header-display":"","ast-hfb-below-header-display":"","ast-hfb-mobile-header-display":"","site-post-title":"disabled","ast-breadcrumbs-content":"","ast-featured-img":"disabled","footer-sml-layout":"","theme-transparent-header-meta":"","adv-header-id-meta":"","stick-header-meta":"","header-above-stick-meta":"","header-main-stick-meta":"","header-below-stick-meta":"","footnotes":""},"class_list":["post-28","page","type-page","status-publish","hentry"],"_links":{"self":[{"href":"https:\/\/airaction.hu\/index.php\/wp-json\/wp\/v2\/pages\/28","targetHints":{"allow":["GET"]}}],"collection":[{"href":"https:\/\/airaction.hu\/index.php\/wp-json\/wp\/v2\/pages"}],"about":[{"href":"https:\/\/airaction.hu\/index.php\/wp-json\/wp\/v2\/types\/page"}],"author":[{"embeddable":true,"href":"https:\/\/airaction.hu\/index.php\/wp-json\/wp\/v2\/users\/1"}],"replies":[{"embeddable":true,"href":"https:\/\/airaction.hu\/index.php\/wp-json\/wp\/v2\/comments?post=28"}],"version-history":[{"count":25,"href":"https:\/\/airaction.hu\/index.php\/wp-json\/wp\/v2\/pages\/28\/revisions"}],"predecessor-version":[{"id":161,"href":"https:\/\/airaction.hu\/index.php\/wp-json\/wp\/v2\/pages\/28\/revisions\/161"}],"wp:attachment":[{"href":"https:\/\/airaction.hu\/index.php\/wp-json\/wp\/v2\/media?parent=28"}],"curies":[{"name":"wp","href":"https:\/\/api.w.org\/{rel}","templated":true}]}}